{"id":2,"date":"2026-02-11T13:09:47","date_gmt":"2026-02-11T13:09:47","guid":{"rendered":"https:\/\/domesdesign.de\/?page_id=2"},"modified":"2026-03-09T17:36:11","modified_gmt":"2026-03-09T17:36:11","slug":"impressum","status":"publish","type":"page","link":"https:\/\/domesdesign.de\/?page_id=2","title":{"rendered":"Impressum"},"content":{"rendered":"\n<h3 class=\"wp-block-heading\" id=\"m46\">Diensteanbieterin<\/h3>\n\n\n\n<p>Mirjam Domes<\/p>\n\n\n\n<p>Arnulfstr. 8f<\/p>\n\n\n\n<p>83026 Rosenheim<\/p>\n\n\n\n<p>Deutschland<\/p>\n\n\n\n<h3 class=\"wp-block-heading\" id=\"m56\">Kontaktm\u00f6glichkeiten<\/h3>\n\n\n\n<p>E-Mail-Adresse: <a href=\"mailto:hallo@domesdesign.de\">hallo@domesdesign.de<\/a><\/p>\n\n\n\n<p>Telefon: 015117768178<\/p>\n\n\n\n<h3 class=\"wp-block-heading\" id=\"m58\">Angaben zum Unternehmen<\/h3>\n\n\n\n<h3 class=\"wp-block-heading\" id=\"m174\">Verbraucherstreitbeilegung<\/h3>\n\n\n\n<p>Wir sind zur Beilegung von Streitigkeiten mit Verbrauchern vor einer Verbraucherschlichtungsstelle bereit.<\/p>\n\n\n\n<h3 class=\"wp-block-heading\" id=\"m5234\">Vorbehalt der Nutzung f\u00fcr Text und Data Mining<\/h3>\n\n\n\n<p>Vorbehalt der Nutzung f\u00fcr Text und Data Mining: Der Inhaber dieser Website gestattet die Nutzung oder das Herunterladen von Inhalten dieser Website durch Dritte f\u00fcr die Entwicklung, das Training oder den Betrieb von k\u00fcnstlicher Intelligenz oder anderen maschinellen Lernsystemen (&#8220;Text und Data Mining&#8221;) ausschlie\u00dflich mit ausdr\u00fccklicher schriftlicher Zustimmung des Inhabers. Ohne eine solche Zustimmung ist es untersagt, die Inhalte f\u00fcr Text und Data Mining zu verwenden. Dies gilt auch, wenn auf der Website keine Meta-Angaben vorhanden sind, die entsprechende Verfahren aussperren, und selbst dann, wenn Bots, die den Zweck haben, die Website zu Zwecken des Text und Data Mining auszulesen, nicht ausgesperrt werden.<\/p>\n\n\n\n<h3 class=\"wp-block-heading\" id=\"m65\">Haftungs- und Schutzrechtshinweise<\/h3>\n\n\n\n<p>Links auf fremde Webseiten: Die Inhalte fremder Webseiten, auf die wir direkt oder indirekt verweisen, liegen au\u00dferhalb unseres Verantwortungsbereiches und wir machen sie uns nicht zu Eigen. F\u00fcr alle Inhalte und Nachteile, die aus der Nutzung der in den verlinkten Webseiten aufrufbaren Informationen entstehen, \u00fcbernehmen wir keine Verantwortung.<\/p>\n\n\n\n<p>Urheberrechte und Markenrechte: Alle auf dieser Website dargestellten Inhalte, wie Texte, Fotografien, Grafiken, Marken und Warenzeichen sind durch die jeweiligen Schutzrechte (Urheberrechte, Markenrechte) gesch\u00fctzt. Die Verwendung, Vervielf\u00e4ltigung usw. unterliegen unseren Rechten oder den Rechten der jeweiligen Urheber bzw. Rechteinhaber.<\/p>\n\n\n\n<p><a href=\"https:\/\/datenschutz-generator.de\/\" target=\"_blank\" rel=\"noreferrer noopener\">Erstellt mit kostenlosem Datenschutz-Generator.de von Dr. Thomas Schwenke<\/a><\/p>\n\n\n\n<p><\/p>\n","protected":false},"excerpt":{"rendered":"<p>Diensteanbieterin Mirjam Domes Arnulfstr. 8f 83026 Rosenheim Deutschland Kontaktm\u00f6glichkeiten E-Mail-Adresse: hallo@domesdesign.de Telefon: 015117768178 Angaben zum Unternehmen Verbraucherstreitbeilegung Wir sind zur Beilegung von Streitigkeiten mit Verbrauchern vor einer Verbraucherschlichtungsstelle bereit. Vorbehalt der Nutzung f\u00fcr Text und Data Mining Vorbehalt der Nutzung f\u00fcr Text und Data Mining: Der Inhaber dieser Website gestattet die Nutzung oder das Herunterladen [&hellip;]<\/p>\n","protected":false},"author":1,"featured_media":0,"parent":0,"menu_order":0,"comment_status":"closed","ping_status":"closed","template":"","meta":{"footnotes":""},"class_list":["post-2","page","type-page","status-publish","hentry"],"_links":{"self":[{"href":"https:\/\/domesdesign.de\/index.php?rest_route=\/wp\/v2\/pages\/2","targetHints":{"allow":["GET"]}}],"collection":[{"href":"https:\/\/domesdesign.de\/index.php?rest_route=\/wp\/v2\/pages"}],"about":[{"href":"https:\/\/domesdesign.de\/index.php?rest_route=\/wp\/v2\/types\/page"}],"author":[{"embeddable":true,"href":"https:\/\/domesdesign.de\/index.php?rest_route=\/wp\/v2\/users\/1"}],"replies":[{"embeddable":true,"href":"https:\/\/domesdesign.de\/index.php?rest_route=%2Fwp%2Fv2%2Fcomments&post=2"}],"version-history":[{"count":4,"href":"https:\/\/domesdesign.de\/index.php?rest_route=\/wp\/v2\/pages\/2\/revisions"}],"predecessor-version":[{"id":93,"href":"https:\/\/domesdesign.de\/index.php?rest_route=\/wp\/v2\/pages\/2\/revisions\/93"}],"wp:attachment":[{"href":"https:\/\/domesdesign.de\/index.php?rest_route=%2Fwp%2Fv2%2Fmedia&parent=2"}],"curies":[{"name":"wp","href":"https:\/\/api.w.org\/{rel}","templated":true}]}}